811 + -30?
-46841
In base 16, what is -3dcf4e - -1?
-3dcf4d
In base 11, what is 71468 - 1204?
70264
In base 3, what is 10 - 210110000202201?
-210110000202121
In base 4, what is 11301 - -11301102321?
11301120222
In base 4, what is -12 - -1301020032?
1301020020
In base 6, what is 1422204251 + -3?
1422204244
In base 16, what is 2cb + 12d8bc?
12db87
In base 10, what is 79 - 1008946?
-1008867
In base 16, what is -16 - 56ae8b?
-56aea1
In base 12, what is 8 + 245850?
245858
In base 8, what is 30 - 52140421?
-52140371
In base 14, what is 20bd + 1712?
37d1
In base 11, what is -25 + -98a670?
-98a695
In base 4, what is -1130103231 + 3131?
-1130100100
In base 2, what is -111000 + 1101011011100101?
1101011010101101
In base 11, what is 44 - -241792?
241826
In base 16, what is -bb5 - 92f?
-14e4
In base 15, what is 172ad07 - 1?
172ad06
In base 10, what is 2 - 18925890?
-18925888
In base 12, what is -b9 + 5a3130?
5a3033
In base 13, what is -5b - -aca90c?
aca881
In base 10, what is 66962 + -27?
66935
In base 7, what is 16050 - 603?
15144
In base 10, what is -2492302 + 3?
-2492299
In base 8, what is 1 + -153430506?
-153430505
In base 15, what is 496d + -671b?
-1c9d
In base 5, what is -1314020141411 + -3?
-1314020141414
In base 9, what is 182158678 - -3?
182158682
In base 2, what is 1011010 + 1001100110100111?
1001101000000001
In base 2, what is -101100010101101000001001 + 1?
-101100010101101000001000
In base 12, what is 3075 + -51b?
2756
In base 3, what is 111011022 - -10112122?
121200221
In base 2, what is 1111001100010 - 1111111010101001?
-1110000001000111
In base 4, what is -2200123 - -1000012?
-1200111
In base 13, what is 2 - 1475b040?
-1475b03b
In base 9, what is 103447 - -35?
103483
In base 13, what is -a - -1b242a?
1b2420
In base 6, what is -1014 + -333?
-1351
In base 3, what is 1002221 - -2121121111?
2122201102
In base 6, what is 415 + 4130505?
4131324
In base 2, what is 1010111111 - 1001000100010101100?
-1001000010111101101
In base 13, what is -2550 + -2169?
-46b9
In base 5, what is 3 + 1134310141?
1134310144
In base 11, what is 0 - -29787772?
29787772
In base 12, what is -1580077 + -1?
-1580078
In base 13, what is 304 - 28c17?
-28913
In base 3, what is -11002200 + 11021002011?
11002222111
In base 16, what is -3 - 105a4b01?
-105a4b04
In base 3, what is 11 - 212102021012120?
-212102021012102
In base 6, what is -5 - -11533124?
11533115
In base 14, what is -446 + 33878?
33432
In base 7, what is 123036263 - -6?
123036302
In base 15, what is a4 - -3517d?
35232
In base 9, what is -565 + -7?
-573
In base 11, what is -887512 - -18?
-8874a5
In base 7, what is -26663 + 23604?
-3056
In base 11, what is 1583 - -47613?
49096
In base 11, what is -5 + 102792?
102788
In base 5, what is -1 + -2400001124?
-2400001130
In base 8, what is -2255136 + 5?
-2255131
In base 14, what is -397 - 2277?
-2630
In base 3, what is 101022111010002210 - 2?
101022111010002201
In base 4, what is -101 - 2101130302?
-2101131003
In base 12, what is 1 + -193a282?
-193a281
In base 5, what is 433134 - -144040?
1132224
In base 2, what is 101 + 101001111011011101111110?
101001111011011110000011
In base 16, what is -54b681 + -2?
-54b683
In base 14, what is -4a - 316b1?
-3171b
In base 2, what is -10110010 - -1010111100101?
1010100110011
In base 10, what is -32878695 - 3?
-32878698
In base 2, what is 10110111110 - -11001000110100100?
11001011101100010
In base 12, what is -108 + -29808?
-29914
In base 13, what is -26410c + -5c?
-26416b
In base 14, what is -4 + -1263a8c?
-1263a92
In base 6, what is 3 - 233031022?
-233031015
In base 15, what is 64 + -3aa37?
-3a9c3
In base 10, what is 7828640 + -139?
7828501
In base 5, what is 211111133 + -211?
211110422
In base 15, what is -2 - -7b8de?
7b8dc
In base 7, what is -2446214 - 5553?
-2455100
In base 2, what is -11101111001111101110110011 - 10?
-11101111001111101110110101
In base 8, what is 43201071 + -2?
43201067
In base 11, what is 234 - -79a?
a23
In base 7, what is 134235 - 1230?
133005
In base 13, what is 9 - -5419107?
5419113
In base 15, what is b + -1caccb?
-1cacc0
In base 14, what is 7792 + 1ad?
7961
In base 2, what is 1000100 - 11000101110100100111?
-11000101110011100011
In base 6, what is 2 + 542110222?
542110224
In base 11, what is -108026 + 1270?
-106866
In base 9, what is 7 - -16430212?
16430220
In base 15, what is -8d9 - -20526?
1eb3c
In base 12, what is 6 + -105599?
-105593
In base 6, what is 13214 + -254141?
-240523
In base 10, what is -5 - -33084563?
33084558
In base 7, what is 14 - 306341166?
-306341152
In base 16, what is 1125375 + -3?
1125372
In base 16, what is 4a2bdb + -29?
4a2bb2
In base 3, what is -11021222021 + -122?
-11021222220
In base 2, what is -1000000010000 + 11110010110?
-100001111010
In base 5, what is -1 + 1242234113?
1242234112
In base 15, what is 2858a6 + -3?
2858a3
In base 16, what is -39dc + 90?
-394c
In base 12, what is 2624030 - -9?
2624039
In base 12, what is -933aaba - -13?
-933aaa7
In base 3, what is -20111 + 110211110001?
110211012120
In base 10, what is -4 + -5227529?
-5227533
In base 16, what is 231c5 + -b27?
2269e
In base 4, what is 300011302 - 12222?
233333020
In base 10, what is -3413 - 311727?
-315140
In base 2, what is -100110 - -110011010100101?
110011001111111
In base 4, what is 123013 - -122213?
311232
In base 4, what is 2303 - -2110122102?
2110131011
In base 11, what is 253067a - -4?
2530683
In base 16, what is 19 + 1401e?
14037
In base 3, what is 11021212100201 - 20?
11021212100111
In base 9, what is 20827356 + 1?
20827357
In base 12, what is -572 + -18154?
-18706
In base 13, what is -24 - 2ab92?
-2abb6
In base 8, what is -25 + -103663646?
-103663673
In base 7, what is -2204615241 - -4?
-2204615234
In base 9, what is 2333310055 + -1?
2333310054
In base 8, what is 37644 - -21235?
61101
In base 13, what is -2c - -1459422?
14593c3
In base 16, what is -e - fdb87?
-fdb95
In base 11, what is 14070 - -1380?
15440
In base 2, what is -101 - -11111011101100010111?
11111011101100010010
In base 2, what is -111010000 + -100111001?
-1100001001
In base 16, what is 2dead + 2a?
2ded7
In base 8, what is -10527423 - 37?
-10527462
In base 2, what is -1100110 + 1101100111010000?
1101100101101010
In base 14, what is -16dab0dc + -2?
-16dab100
In base 13, what is 6968 - 1a7?
6791
In base 11, what is 42150 + 2?
42152
In base 7, what is -214103 + -123644?
-341050
In base 10, what is -6 - 1344601?
-1344607
In base 8, what is -10 - -1363447753?
1363447743
In base 11, what is 57584 - 5a?
57525
In base 7, what is -56300 - -32300?
-24000
In base 16, what is 308 - -d4d1?
d7d9
In base 5, what is 1 - 34020320401?
-34020320400
In base 2, what is -1100110111 + 110101010101?
101000011110
In base 9, what is -1635 + 25051?
23315
In base 15, what is -1e + -35bc65?
-35bc84
In base 3, what is 0 - 2121120202121100?
-2121120202121100
In base 3, what is -202 - -112122002112101?
112122002111122
In base 5, what is 11 + 2442134444?
2442140010
In base 10, what is 2678934 - -19?
2678953
In base 3, what is -22 - 1221002012002?
-1221002012101
In base 5, what is 1120 + -333111022?
-333104402
In base 3, what is -111222010221 + 22?
-111222010122
In base 11, what is 1 - -15766905?
15766906
In base 15, what is -5 + -dc0ccd?
-dc0cd3
In base 4, what is -1102 + 31112231022?
31112223320
In base 11, what is 19284955 + 4?
19284959
In base 11, what is -583242369 + 5?
-583242364
In base 11, what is 7033022 + 8?
703302a
In base 8, what is -2 + -1015414240?
-1015414242
In base 12, what is 57448621 + 5?
57448626
In base 4, what is 33 - 321301011?
-321300312
In base 14, what is -414981 - -112?
-41486d
In base 10, what is -2 + -2165069?
-2165071
In base 2, what is 11111110010010001011110010101 - 11?
11111110010010001011110010010
In base 5, what is 11403141110 + -31?
11403141024
In base 11, what is 165262243 - -1?
165262244
In base 7, what is 66024351 - 42?
66024306
In base 6, what is -22 + 1142441504?
1142441442
In base 13, what is -1036295 - -3?
-1036292
In base 4, what is 133 - 21033110201?
-21033110002
In base 7, what is -23 - 25645113?
-25645136
In base 4, what is 23 - 30020001320?
-30020001231
In base 8, what is -10343 + 25220?
14655
In base 10, what is 199200796 + -3?
199200793
In base 9, what is 20520355 - -22?
20520377
In base 11, what is -77487 + 907?
-76680
In 